{"id":176,"date":"2015-11-24T15:38:39","date_gmt":"2015-11-24T14:38:39","guid":{"rendered":"https:\/\/weingut-cipolla.ch\/2023\/?page_id=176"},"modified":"2021-08-09T19:43:24","modified_gmt":"2021-08-09T18:43:24","slug":"carnotzet","status":"publish","type":"page","link":"https:\/\/weingut-cipolla.ch\/2023\/fr\/nous-trouver\/carnotzet\/","title":{"rendered":"Le carnotzet"},"content":{"rendered":"<h1>Le carnotzet<\/h1>\r\nJe me ferai un plaisir de vous partager ma passion et de vous faire d\u00e9couvrir les vins et la philosophie du domaine lors d&rsquo;une d\u00e9gustation au carnotzet situ\u00e9 dans le vieux village de Raron. Alors n&rsquo;h\u00e9sitez pas \u00e0 prendre rendez-vous par mail ou directement au 079.2018131 (Possibilit\u00e9 aussi de recevoir des groupes et d&rsquo;organiser des sorties d&rsquo;entreprise).<br \/>\r\n<br \/>\r\n<img loading=\"lazy\" decoding=\"async\" src=\"https:\/\/weingut-cipolla.ch\/2023\/wp-content\/uploads\/carnotzet-couleur.gif\" alt=\"carnotzet-couleur\" width=\"590\" height=\"673\" class=\"alignnone size-full wp-image-177\" \/>","protected":false},"excerpt":{"rendered":"Le carnotzet Je me ferai un plaisir de vous partager ma passion et de vous faire d\u00e9couvrir les vins et la philosophie du domaine lors d&rsquo;une d\u00e9gustation au carnotzet situ\u00e9 dans le vieux village de Raron. Alors n&rsquo;h\u00e9sitez pas \u00e0 prendre rendez-vous par mail ou directement au 079.2018131 (Possibilit\u00e9 aussi de recevoir des groupes et [&hellip;]","protected":false},"author":1,"featured_media":0,"parent":184,"menu_order":2,"comment_status":"closed","ping_status":"closed","template":"","meta":{"footnotes":""},"class_list":["post-176","page","type-page","status-publish","hentry"],"_links":{"self":[{"href":"https:\/\/weingut-cipolla.ch\/2023\/fr\/wp-json\/wp\/v2\/pages\/176","targetHints":{"allow":["GET"]}}],"collection":[{"href":"https:\/\/weingut-cipolla.ch\/2023\/fr\/wp-json\/wp\/v2\/pages"}],"about":[{"href":"https:\/\/weingut-cipolla.ch\/2023\/fr\/wp-json\/wp\/v2\/types\/page"}],"author":[{"embeddable":true,"href":"https:\/\/weingut-cipolla.ch\/2023\/fr\/wp-json\/wp\/v2\/users\/1"}],"replies":[{"embeddable":true,"href":"https:\/\/weingut-cipolla.ch\/2023\/fr\/wp-json\/wp\/v2\/comments?post=176"}],"version-history":[{"count":8,"href":"https:\/\/weingut-cipolla.ch\/2023\/fr\/wp-json\/wp\/v2\/pages\/176\/revisions"}],"predecessor-version":[{"id":446,"href":"https:\/\/weingut-cipolla.ch\/2023\/fr\/wp-json\/wp\/v2\/pages\/176\/revisions\/446"}],"up":[{"embeddable":true,"href":"https:\/\/weingut-cipolla.ch\/2023\/fr\/wp-json\/wp\/v2\/pages\/184"}],"wp:attachment":[{"href":"https:\/\/weingut-cipolla.ch\/2023\/fr\/wp-json\/wp\/v2\/media?parent=176"}],"curies":[{"name":"wp","href":"https:\/\/api.w.org\/{rel}","templated":true}]}}

<h1>Le carnotzet</h1>
Je me ferai un plaisir de vous partager ma passion et de vous faire découvrir les vins et la philosophie du domaine lors d&rsquo;une dégustation au carnotzet situé dans le vieux village de Raron. Alors n&rsquo;hésitez pas à prendre rendez-vous par mail ou directement au 079.2018131 (Possibilité aussi de recevoir des groupes et d&rsquo;organiser des sorties d&rsquo;entreprise).<br />
<br />
<img loading="lazy" decoding="async" src="https://weingut-cipolla.ch/2023/wp-content/uploads/carnotzet-couleur.gif" alt="carnotzet-couleur" width="590" height="673" class="alignnone size-full wp-image-177" />

Le carnotzet Je me ferai un plaisir de vous partager ma passion et de vous faire découvrir les vins et la philosophie du domaine lors d&rsquo;une dégustation au carnotzet situé dans le vieux village de Raron. Alors n&rsquo;hésitez pas à prendre rendez-vous par mail ou directement au 079.2018131 (Possibilité aussi de recevoir des groupes et [&hellip;]
